{"id":10730,"date":"2024-04-03T17:33:24","date_gmt":"2024-04-03T17:33:24","guid":{"rendered":"https:\/\/artemovimiento.es\/historico\/nuit-flamenca-philharmonie-de-paris-2024\/"},"modified":"2024-04-03T18:54:27","modified_gmt":"2024-04-03T18:54:27","slug":"nuit-flamenca-philharmonie-de-paris-2024","status":"publish","type":"historico","link":"https:\/\/artemovimiento.es\/en\/historico\/nuit-flamenca-philharmonie-de-paris-2024\/","title":{"rendered":"NUIT FLAMENCA PHILHARMONIE DE PARIS 2024"},"content":{"rendered":"\t\t<div data-elementor-type=\"wp-post\" data-elementor-id=\"10730\" class=\"elementor elementor-10730 elementor-10609\" data-elementor-post-type=\"historico\">\n\t\t\t\t\t\t<section class=\"elementor-section elementor-top-section elementor-element elementor-element-2bab4fcf elementor-section-full_width elementor-section-height-default elementor-section-height-default\" data-id=\"2bab4fcf\" data-element_type=\"section\" data-e-type=\"section\">\n\t\t\t\t\t\t<div class=\"elementor-container elementor-column-gap-default\">\n\t\t\t\t\t<div class=\"elementor-column elementor-col-100 elementor-top-column elementor-element elementor-element-74df9cf\" data-id=\"74df9cf\" data-element_type=\"column\" data-e-type=\"column\">\n\t\t\t<div class=\"elementor-widget-wrap elementor-element-populated\">\n\t\t\t\t\t\t<section class=\"elementor-section elementor-inner-section elementor-element elementor-element-4c78fff8 elementor-section-full_width elementor-reverse-mobile elementor-section-height-default elementor-section-height-default\" data-id=\"4c78fff8\" data-element_type=\"section\" data-e-type=\"section\">\n\t\t\t\t\t\t<div class=\"elementor-container elementor-column-gap-no\">\n\t\t\t\t\t<div class=\"elementor-column elementor-col-50 elementor-inner-column elementor-element elementor-element-7691b79e\" data-id=\"7691b79e\" data-element_type=\"column\" data-e-type=\"column\">\n\t\t\t<div class=\"elementor-widget-wrap elementor-element-populated\">\n\t\t\t\t\t\t<div class=\"elementor-element elementor-element-319ac96c elementor--h-position-center elementor--v-position-middle elementor-arrows-position-inside elementor-widget elementor-widget-slides\" data-id=\"319ac96c\" data-element_type=\"widget\" data-e-type=\"widget\" data-settings=\"{&quot;navigation&quot;:&quot;arrows&quot;,&quot;autoplay&quot;:&quot;yes&quot;,&quot;pause_on_hover&quot;:&quot;yes&quot;,&quot;pause_on_interaction&quot;:&quot;yes&quot;,&quot;autoplay_speed&quot;:5000,&quot;infinite&quot;:&quot;yes&quot;,&quot;transition&quot;:&quot;slide&quot;,&quot;transition_speed&quot;:500}\" data-widget_type=\"slides.default\">\n\t\t\t\t\t\t\t\t\t\t<div class=\"elementor-slides-wrapper elementor-main-swiper swiper\" role=\"region\" aria-roledescription=\"carousel\" aria-label=\"Slides\" dir=\"ltr\" data-animation=\"fadeInUp\">\n\t\t\t\t<div class=\"swiper-wrapper elementor-slides\">\n\t\t\t\t\t\t\t\t\t\t<div class=\"elementor-repeater-item-9add82e swiper-slide\" role=\"group\" aria-roledescription=\"slide\"><div class=\"swiper-slide-bg\" role=\"img\" aria-label=\"1-Rafael Riqueni\u00a9Manuel Naranjo\"><\/div><div class=\"swiper-slide-inner\" ><div class=\"swiper-slide-contents\"><\/div><\/div><\/div><div class=\"elementor-repeater-item-6032e98 swiper-slide\" role=\"group\" aria-roledescription=\"slide\"><div class=\"swiper-slide-bg\" role=\"img\" aria-label=\"2-Ana-Morales-et-Jose-Maria-Gallardo-del-Rey-\u00a9Roza Zah\"><\/div><div class=\"swiper-slide-inner\" ><div class=\"swiper-slide-contents\"><\/div><\/div><\/div><div class=\"elementor-repeater-item-af44883 swiper-slide\" role=\"group\" aria-roledescription=\"slide\"><div class=\"swiper-slide-bg\" role=\"img\" aria-label=\"3-Tomatito\u00a9Javier Salas\"><\/div><div class=\"swiper-slide-inner\" ><div class=\"swiper-slide-contents\"><\/div><\/div><\/div>\t\t\t\t<\/div>\n\t\t\t\t\t\t\t\t\t\t\t\t\t\t\t<div class=\"elementor-swiper-button elementor-swiper-button-prev\" role=\"button\" tabindex=\"0\" aria-label=\"Previous slide\">\n\t\t\t\t\t\t\t<svg aria-hidden=\"true\" class=\"e-font-icon-svg e-eicon-chevron-left\" viewBox=\"0 0 1000 1000\" xmlns=\"http:\/\/www.w3.org\/2000\/svg\"><path d=\"M646 125C629 125 613 133 604 142L308 442C296 454 292 471 292 487 292 504 296 521 308 533L604 854C617 867 629 875 646 875 663 875 679 871 692 858 704 846 713 829 713 812 713 796 708 779 692 767L438 487 692 225C700 217 708 204 708 187 708 171 704 154 692 142 675 129 663 125 646 125Z\"><\/path><\/svg>\t\t\t\t\t\t<\/div>\n\t\t\t\t\t\t<div class=\"elementor-swiper-button elementor-swiper-button-next\" role=\"button\" tabindex=\"0\" aria-label=\"Next slide\">\n\t\t\t\t\t\t\t<svg aria-hidden=\"true\" class=\"e-font-icon-svg e-eicon-chevron-right\" viewBox=\"0 0 1000 1000\" xmlns=\"http:\/\/www.w3.org\/2000\/svg\"><path d=\"M696 533C708 521 713 504 713 487 713 471 708 454 696 446L400 146C388 133 375 125 354 125 338 125 325 129 313 142 300 154 292 171 292 187 292 204 296 221 308 233L563 492 304 771C292 783 288 800 288 817 288 833 296 850 308 863 321 871 338 875 354 875 371 875 388 867 400 854L696 533Z\"><\/path><\/svg>\t\t\t\t\t\t<\/div>\n\t\t\t\t\t\t\t\t\t\t\t\t\t\t\t\t\t<\/div>\n\t\t\t\t\t\t\t\t<\/div>\n\t\t\t\t\t<\/div>\n\t\t<\/div>\n\t\t\t\t<div class=\"elementor-column elementor-col-50 elementor-inner-column elementor-element elementor-element-60e585df\" data-id=\"60e585df\" data-element_type=\"column\" data-e-type=\"column\">\n\t\t\t<div class=\"elementor-widget-wrap elementor-element-populated\">\n\t\t\t\t\t\t<div class=\"elementor-element elementor-element-5b6f0ae1 elementor-widget elementor-widget-heading\" data-id=\"5b6f0ae1\" data-element_type=\"widget\" data-e-type=\"widget\" data-widget_type=\"heading.default\">\n\t\t\t\t\t<h2 class=\"elementor-heading-title elementor-size-default\">Nuit flamenca \u00e0 la Philharmonie de Paris\nRafael Riqueni \u2013 Jos\u00e9 Mar\u00eda Gallardo del Rey \u2013 Tomatito\n<\/h2>\t\t\t\t<\/div>\n\t\t\t\t<div class=\"elementor-element elementor-element-c5103ef elementor-widget elementor-widget-text-editor\" data-id=\"c5103ef\" data-element_type=\"widget\" data-e-type=\"widget\" data-widget_type=\"text-editor.default\">\n\t\t\t\t\t\t\t\t\t<p><strong>May 2024<\/strong><\/p>\n<p>There are three guitarists perpetuating the flamenco tradition, each in their own personal vein. Considered one of the virtuosos of the genre, Rafael Riqueni, a native of the legendary Triana district, is a pure Sevillian. Jos\u00e9 Mar\u00eda Gallardo del Rey embodies a more progressive vision, often in association with choreographers, in this case Ana Morales, a dancer with some of the greatest names (Andr\u00e9s Mar\u00edn, Javier Bar\u00f3n), whose style has managed to free itself from codes in a pure and sensual movement. Jos\u00e9 Fern\u00e1ndez Torres, alias Tomatito, honours the art of flamenco from its gypsy roots, enriching it with jazz influences. Three approaches, three aesthetes of the guitar, all united by a common love.<\/p>\n\t\t\t\t\t\t\t\t<\/div>\n\t\t\t\t\t<\/div>\n\t\t<\/div>\n\t\t\t\t\t<\/div>\n\t\t<\/section>\n\t\t\t\t\t<\/div>\n\t\t<\/div>\n\t\t\t\t\t<\/div>\n\t\t<\/section>\n\t\t\t\t<\/div>\n\t\t","protected":false},"featured_media":0,"template":"","class_list":["post-10730","historico","type-historico","status-publish","hentry"],"acf":[],"_links":{"self":[{"href":"https:\/\/artemovimiento.es\/en\/wp-json\/wp\/v2\/historico\/10730","targetHints":{"allow":["GET"]}}],"collection":[{"href":"https:\/\/artemovimiento.es\/en\/wp-json\/wp\/v2\/historico"}],"about":[{"href":"https:\/\/artemovimiento.es\/en\/wp-json\/wp\/v2\/types\/historico"}],"version-history":[{"count":0,"href":"https:\/\/artemovimiento.es\/en\/wp-json\/wp\/v2\/historico\/10730\/revisions"}],"wp:attachment":[{"href":"https:\/\/artemovimiento.es\/en\/wp-json\/wp\/v2\/media?parent=10730"}],"curies":[{"name":"wp","href":"https:\/\/api.w.org\/{rel}","templated":true}]}}

<div data-elementor-type="wp-post" data-elementor-id="10730" class="elementor elementor-10730 elementor-10609" data-elementor-post-type="historico">
						<section class="elementor-section elementor-top-section elementor-element elementor-element-2bab4fcf elementor-section-full_width elementor-section-height-default elementor-section-height-default" data-id="2bab4fcf" data-element_type="section" data-e-type="section">
						<div class="elementor-container elementor-column-gap-default">
					<div class="elementor-column elementor-col-100 elementor-top-column elementor-element elementor-element-74df9cf" data-id="74df9cf" data-element_type="column" data-e-type="column">
			<div class="elementor-widget-wrap elementor-element-populated">
						<section class="elementor-section elementor-inner-section elementor-element elementor-element-4c78fff8 elementor-section-full_width elementor-reverse-mobile elementor-section-height-default elementor-section-height-default" data-id="4c78fff8" data-element_type="section" data-e-type="section">
						<div class="elementor-container elementor-column-gap-no">
					<div class="elementor-column elementor-col-50 elementor-inner-column elementor-element elementor-element-7691b79e" data-id="7691b79e" data-element_type="column" data-e-type="column">
			<div class="elementor-widget-wrap elementor-element-populated">
						<div class="elementor-element elementor-element-319ac96c elementor--h-position-center elementor--v-position-middle elementor-arrows-position-inside elementor-widget elementor-widget-slides" data-id="319ac96c" data-element_type="widget" data-e-type="widget" data-settings="{&quot;navigation&quot;:&quot;arrows&quot;,&quot;autoplay&quot;:&quot;yes&quot;,&quot;pause_on_hover&quot;:&quot;yes&quot;,&quot;pause_on_interaction&quot;:&quot;yes&quot;,&quot;autoplay_speed&quot;:5000,&quot;infinite&quot;:&quot;yes&quot;,&quot;transition&quot;:&quot;slide&quot;,&quot;transition_speed&quot;:500}" data-widget_type="slides.default">
										<div class="elementor-slides-wrapper elementor-main-swiper swiper" role="region" aria-roledescription="carousel" aria-label="Slides" dir="ltr" data-animation="fadeInUp">
				<div class="swiper-wrapper elementor-slides">
										<div class="elementor-repeater-item-9add82e swiper-slide" role="group" aria-roledescription="slide"><div class="swiper-slide-bg" role="img" aria-label="1-Rafael Riqueni©Manuel Naranjo"></div><div class="swiper-slide-inner" ><div class="swiper-slide-contents"></div></div></div><div class="elementor-repeater-item-6032e98 swiper-slide" role="group" aria-roledescription="slide"><div class="swiper-slide-bg" role="img" aria-label="2-Ana-Morales-et-Jose-Maria-Gallardo-del-Rey-©Roza Zah"></div><div class="swiper-slide-inner" ><div class="swiper-slide-contents"></div></div></div><div class="elementor-repeater-item-af44883 swiper-slide" role="group" aria-roledescription="slide"><div class="swiper-slide-bg" role="img" aria-label="3-Tomatito©Javier Salas"></div><div class="swiper-slide-inner" ><div class="swiper-slide-contents"></div></div></div>				</div>
															<div class="elementor-swiper-button elementor-swiper-button-prev" role="button" tabindex="0" aria-label="Previous slide">
							<svg aria-hidden="true" class="e-font-icon-svg e-eicon-chevron-left" viewBox="0 0 1000 1000" xmlns="http://www.w3.org/2000/svg"><path d="M646 125C629 125 613 133 604 142L308 442C296 454 292 471 292 487 292 504 296 521 308 533L604 854C617 867 629 875 646 875 663 875 679 871 692 858 704 846 713 829 713 812 713 796 708 779 692 767L438 487 692 225C700 217 708 204 708 187 708 171 704 154 692 142 675 129 663 125 646 125Z"></path></svg>						</div>
						<div class="elementor-swiper-button elementor-swiper-button-next" role="button" tabindex="0" aria-label="Next slide">
							<svg aria-hidden="true" class="e-font-icon-svg e-eicon-chevron-right" viewBox="0 0 1000 1000" xmlns="http://www.w3.org/2000/svg"><path d="M696 533C708 521 713 504 713 487 713 471 708 454 696 446L400 146C388 133 375 125 354 125 338 125 325 129 313 142 300 154 292 171 292 187 292 204 296 221 308 233L563 492 304 771C292 783 288 800 288 817 288 833 296 850 308 863 321 871 338 875 354 875 371 875 388 867 400 854L696 533Z"></path></svg>						</div>
																	</div>
								</div>
					</div>
		</div>
				<div class="elementor-column elementor-col-50 elementor-inner-column elementor-element elementor-element-60e585df" data-id="60e585df" data-element_type="column" data-e-type="column">
			<div class="elementor-widget-wrap elementor-element-populated">
						<div class="elementor-element elementor-element-5b6f0ae1 elementor-widget elementor-widget-heading" data-id="5b6f0ae1" data-element_type="widget" data-e-type="widget" data-widget_type="heading.default">
					<h2 class="elementor-heading-title elementor-size-default">Nuit flamenca à la Philharmonie de Paris
Rafael Riqueni – José María Gallardo del Rey – Tomatito
</h2>				</div>
				<div class="elementor-element elementor-element-c5103ef elementor-widget elementor-widget-text-editor" data-id="c5103ef" data-element_type="widget" data-e-type="widget" data-widget_type="text-editor.default">
									<p><strong>May 2024</strong></p>
<p>There are three guitarists perpetuating the flamenco tradition, each in their own personal vein. Considered one of the virtuosos of the genre, Rafael Riqueni, a native of the legendary Triana district, is a pure Sevillian. José María Gallardo del Rey embodies a more progressive vision, often in association with choreographers, in this case Ana Morales, a dancer with some of the greatest names (Andrés Marín, Javier Barón), whose style has managed to free itself from codes in a pure and sensual movement. José Fernández Torres, alias Tomatito, honours the art of flamenco from its gypsy roots, enriching it with jazz influences. Three approaches, three aesthetes of the guitar, all united by a common love.</p>
								</div>
					</div>
		</div>
					</div>
		</section>
					</div>
		</div>
					</div>
		</section>
				</div>
