{"id":8703,"date":"2022-04-19T13:40:57","date_gmt":"2022-04-19T13:40:57","guid":{"rendered":"https:\/\/artemovimiento.es\/historico\/festival-fes-musiques-sacrees-du-monde-2013\/"},"modified":"2022-05-16T18:22:38","modified_gmt":"2022-05-16T18:22:38","slug":"festival-fes-musiques-sacrees-du-monde-2013","status":"publish","type":"historico","link":"https:\/\/artemovimiento.es\/fr\/historico\/festival-fes-musiques-sacrees-du-monde-2013\/","title":{"rendered":"FESTIVAL F\u00c8S MUSIQUES SACR\u00c9ES DU MONDE 2013"},"content":{"rendered":"\t\t<div data-elementor-type=\"wp-post\" data-elementor-id=\"8703\" class=\"elementor elementor-8703 elementor-7462\" data-elementor-post-type=\"historico\">\n\t\t\t\t\t\t<section class=\"elementor-section elementor-top-section elementor-element elementor-element-2bab4fcf elementor-section-full_width elementor-section-height-default elementor-section-height-default\" data-id=\"2bab4fcf\" data-element_type=\"section\" data-e-type=\"section\">\n\t\t\t\t\t\t<div class=\"elementor-container elementor-column-gap-default\">\n\t\t\t\t\t<div class=\"elementor-column elementor-col-100 elementor-top-column elementor-element elementor-element-74df9cf\" data-id=\"74df9cf\" data-element_type=\"column\" data-e-type=\"column\">\n\t\t\t<div class=\"elementor-widget-wrap elementor-element-populated\">\n\t\t\t\t\t\t<section class=\"elementor-section elementor-inner-section elementor-element elementor-element-4c78fff8 elementor-section-full_width elementor-reverse-mobile elementor-section-height-default elementor-section-height-default\" data-id=\"4c78fff8\" data-element_type=\"section\" data-e-type=\"section\">\n\t\t\t\t\t\t<div class=\"elementor-container elementor-column-gap-no\">\n\t\t\t\t\t<div class=\"elementor-column elementor-col-50 elementor-inner-column elementor-element elementor-element-7691b79e\" data-id=\"7691b79e\" data-element_type=\"column\" data-e-type=\"column\">\n\t\t\t<div class=\"elementor-widget-wrap elementor-element-populated\">\n\t\t\t\t\t\t<div class=\"elementor-element elementor-element-319ac96c elementor--h-position-center elementor--v-position-middle elementor-arrows-position-inside elementor-widget elementor-widget-slides\" data-id=\"319ac96c\" data-element_type=\"widget\" data-e-type=\"widget\" data-settings=\"{&quot;navigation&quot;:&quot;arrows&quot;,&quot;autoplay&quot;:&quot;yes&quot;,&quot;pause_on_hover&quot;:&quot;yes&quot;,&quot;pause_on_interaction&quot;:&quot;yes&quot;,&quot;autoplay_speed&quot;:5000,&quot;infinite&quot;:&quot;yes&quot;,&quot;transition&quot;:&quot;slide&quot;,&quot;transition_speed&quot;:500}\" data-widget_type=\"slides.default\">\n\t\t\t\t\t\t\t\t\t\t<div class=\"elementor-slides-wrapper elementor-main-swiper swiper\" role=\"region\" aria-roledescription=\"carousel\" aria-label=\"Slides\" dir=\"ltr\" data-animation=\"fadeInUp\">\n\t\t\t\t<div class=\"swiper-wrapper elementor-slides\">\n\t\t\t\t\t\t\t\t\t\t<div class=\"elementor-repeater-item-e8368c1 swiper-slide\" role=\"group\" aria-roledescription=\"slide\"><div class=\"swiper-slide-bg\" role=\"img\" aria-label=\"FestivalMusiquesSacr\u00e9esF\u00e8s_AndresMarin\u00a9HarryBenhaiem\"><\/div><div class=\"swiper-slide-inner\" ><div class=\"swiper-slide-contents\"><\/div><\/div><\/div><div class=\"elementor-repeater-item-9add82e swiper-slide\" role=\"group\" aria-roledescription=\"slide\"><div class=\"swiper-slide-bg\" role=\"img\" aria-label=\"FestivalMusiquesSacreesFes14\u00a9artemovimiento\"><\/div><div class=\"swiper-slide-inner\" ><div class=\"swiper-slide-contents\"><\/div><\/div><\/div><div class=\"elementor-repeater-item-d16d3e3 swiper-slide\" role=\"group\" aria-roledescription=\"slide\"><div class=\"swiper-slide-bg\" role=\"img\" aria-label=\"FestivalMusiquesSacreesFes12\u00a9artemovimiento\"><\/div><div class=\"swiper-slide-inner\" ><div class=\"swiper-slide-contents\"><\/div><\/div><\/div><div class=\"elementor-repeater-item-e6872c9 swiper-slide\" role=\"group\" aria-roledescription=\"slide\"><div class=\"swiper-slide-bg\" role=\"img\" aria-label=\"FestivalMusiquesSacreesFes11\u00a9artemovimiento\"><\/div><div class=\"swiper-slide-inner\" ><div class=\"swiper-slide-contents\"><\/div><\/div><\/div><div class=\"elementor-repeater-item-3298ec4 swiper-slide\" role=\"group\" aria-roledescription=\"slide\"><div class=\"swiper-slide-bg\" role=\"img\" aria-label=\"FestivalMusiquesSacreesFes2\u00a9artemovimiento\"><\/div><div class=\"swiper-slide-inner\" ><div class=\"swiper-slide-contents\"><\/div><\/div><\/div><div class=\"elementor-repeater-item-e46cde4 swiper-slide\" role=\"group\" aria-roledescription=\"slide\"><div class=\"swiper-slide-bg\" role=\"img\" aria-label=\"FestivalMusiquesSacreesFes8\u00a9artemovimiento\"><\/div><div class=\"swiper-slide-inner\" ><div class=\"swiper-slide-contents\"><\/div><\/div><\/div><div class=\"elementor-repeater-item-4b285e2 swiper-slide\" role=\"group\" aria-roledescription=\"slide\"><div class=\"swiper-slide-bg\" role=\"img\" aria-label=\"FestivalMusiquesSacreesFEs5\u00a9artemovimiento\"><\/div><div class=\"swiper-slide-inner\" ><div class=\"swiper-slide-contents\"><\/div><\/div><\/div><div class=\"elementor-repeater-item-a226a53 swiper-slide\" role=\"group\" aria-roledescription=\"slide\"><div class=\"swiper-slide-bg\" role=\"img\" aria-label=\"FestivalMusiquesSacreesFes4\u00a9artemovimiento\"><\/div><div class=\"swiper-slide-inner\" ><div class=\"swiper-slide-contents\"><\/div><\/div><\/div><div class=\"elementor-repeater-item-f9770ac swiper-slide\" role=\"group\" aria-roledescription=\"slide\"><div class=\"swiper-slide-bg\" role=\"img\" aria-label=\"FestivalMusiquesSacreesFes4\u00a9artemovimiento\"><\/div><div class=\"swiper-slide-inner\" ><div class=\"swiper-slide-contents\"><\/div><\/div><\/div><div class=\"elementor-repeater-item-e693109 swiper-slide\" role=\"group\" aria-roledescription=\"slide\"><div class=\"swiper-slide-bg\" role=\"img\" aria-label=\"FestivalMusiquesSacreesFes6\u00a9artemovimiento\"><\/div><div class=\"swiper-slide-inner\" ><div class=\"swiper-slide-contents\"><\/div><\/div><\/div>\t\t\t\t<\/div>\n\t\t\t\t\t\t\t\t\t\t\t\t\t\t\t<div class=\"elementor-swiper-button elementor-swiper-button-prev\" role=\"button\" tabindex=\"0\" aria-label=\"Previous slide\">\n\t\t\t\t\t\t\t<svg aria-hidden=\"true\" class=\"e-font-icon-svg e-eicon-chevron-left\" viewBox=\"0 0 1000 1000\" xmlns=\"http:\/\/www.w3.org\/2000\/svg\"><path d=\"M646 125C629 125 613 133 604 142L308 442C296 454 292 471 292 487 292 504 296 521 308 533L604 854C617 867 629 875 646 875 663 875 679 871 692 858 704 846 713 829 713 812 713 796 708 779 692 767L438 487 692 225C700 217 708 204 708 187 708 171 704 154 692 142 675 129 663 125 646 125Z\"><\/path><\/svg>\t\t\t\t\t\t<\/div>\n\t\t\t\t\t\t<div class=\"elementor-swiper-button elementor-swiper-button-next\" role=\"button\" tabindex=\"0\" aria-label=\"Next slide\">\n\t\t\t\t\t\t\t<svg aria-hidden=\"true\" class=\"e-font-icon-svg e-eicon-chevron-right\" viewBox=\"0 0 1000 1000\" xmlns=\"http:\/\/www.w3.org\/2000\/svg\"><path d=\"M696 533C708 521 713 504 713 487 713 471 708 454 696 446L400 146C388 133 375 125 354 125 338 125 325 129 313 142 300 154 292 171 292 187 292 204 296 221 308 233L563 492 304 771C292 783 288 800 288 817 288 833 296 850 308 863 321 871 338 875 354 875 371 875 388 867 400 854L696 533Z\"><\/path><\/svg>\t\t\t\t\t\t<\/div>\n\t\t\t\t\t\t\t\t\t\t\t\t\t\t\t\t\t<\/div>\n\t\t\t\t\t\t\t\t<\/div>\n\t\t\t\t\t<\/div>\n\t\t<\/div>\n\t\t\t\t<div class=\"elementor-column elementor-col-50 elementor-inner-column elementor-element elementor-element-60e585df\" data-id=\"60e585df\" data-element_type=\"column\" data-e-type=\"column\">\n\t\t\t<div class=\"elementor-widget-wrap elementor-element-populated\">\n\t\t\t\t\t\t<div class=\"elementor-element elementor-element-5b6f0ae1 elementor-widget elementor-widget-heading\" data-id=\"5b6f0ae1\" data-element_type=\"widget\" data-e-type=\"widget\" data-widget_type=\"heading.default\">\n\t\t\t\t\t<h2 class=\"elementor-heading-title elementor-size-default\">Soir\u00e9e inaugurale<br> L\u2019amour est ma religion<br> du Festival F\u00e8s Musique sacr\u00e9es du monde<\/h2>\t\t\t\t<\/div>\n\t\t\t\t<div class=\"elementor-element elementor-element-c5103ef elementor-widget elementor-widget-text-editor\" data-id=\"c5103ef\" data-element_type=\"widget\" data-e-type=\"widget\" data-widget_type=\"text-editor.default\">\n\t\t\t\t\t\t\t\t\t<p><strong>Juin 2013<\/strong><br>Pour sa 19e \u00e9dition, le festival de Musiques Sacr\u00e9es de F\u00e8s a choisi de rendre hommage \u00e0 l\u2019Andalousie carrefour des religions : l\u2019Andalousie amazigh, l\u2019Andalousie arabe, flamenca, musulmane ou juive, pour c\u00e9l\u00e9brer le millenaire du royaume de Grenade, \u00e9rig\u00e9 en 1013 sous le pouvoir ind\u00e9pendant de la famille berb\u00e8re des Zirides.<br>Sous la direction du chor\u00e9graphe Andr\u00e9s Mar\u00edn, la chanteuse Carmen Linares et Tomasa La Macanita ont \u00e9t\u00e9 les acteurs de l\u2019inauguration du festival, qui a \u00e9galement accueilli le c\u00e9l\u00e8bre guitariste Paco de Luc\u00eda sur sa sc\u00e8ne principale.<\/p>\t\t\t\t\t\t\t\t<\/div>\n\t\t\t\t\t<\/div>\n\t\t<\/div>\n\t\t\t\t\t<\/div>\n\t\t<\/section>\n\t\t\t\t<div class=\"elementor-element elementor-element-260f3652 elementor-widget elementor-widget-video\" data-id=\"260f3652\" data-element_type=\"widget\" data-e-type=\"widget\" data-settings=\"{&quot;video_type&quot;:&quot;vimeo&quot;}\" data-widget_type=\"video.default\">\n\t\t\t\t\t\t\t<div class=\"elementor-wrapper elementor-open-inline\">\n\t\t\t<iframe class=\"elementor-video-iframe\" allowfullscreen allow=\"clipboard-write\" title=\"vimeo Video Player\" src=\"https:\/\/player.vimeo.com\/video\/67051213?color&amp;autopause=0&amp;loop=0&amp;muted=0&amp;title=1&amp;portrait=1&amp;byline=1#t=\"><\/iframe>\t\t<\/div>\n\t\t\t\t\t\t<\/div>\n\t\t\t\t\t<\/div>\n\t\t<\/div>\n\t\t\t\t\t<\/div>\n\t\t<\/section>\n\t\t\t\t<\/div>\n\t\t","protected":false},"featured_media":0,"template":"","class_list":["post-8703","historico","type-historico","status-publish","hentry"],"acf":[],"_links":{"self":[{"href":"https:\/\/artemovimiento.es\/fr\/wp-json\/wp\/v2\/historico\/8703","targetHints":{"allow":["GET"]}}],"collection":[{"href":"https:\/\/artemovimiento.es\/fr\/wp-json\/wp\/v2\/historico"}],"about":[{"href":"https:\/\/artemovimiento.es\/fr\/wp-json\/wp\/v2\/types\/historico"}],"version-history":[{"count":0,"href":"https:\/\/artemovimiento.es\/fr\/wp-json\/wp\/v2\/historico\/8703\/revisions"}],"wp:attachment":[{"href":"https:\/\/artemovimiento.es\/fr\/wp-json\/wp\/v2\/media?parent=8703"}],"curies":[{"name":"wp","href":"https:\/\/api.w.org\/{rel}","templated":true}]}}

FESTIVAL FÈS MUSIQUES SACRÉES DU MONDE 2013

<div data-elementor-type="wp-post" data-elementor-id="8703" class="elementor elementor-8703 elementor-7462" data-elementor-post-type="historico">
						<section class="elementor-section elementor-top-section elementor-element elementor-element-2bab4fcf elementor-section-full_width elementor-section-height-default elementor-section-height-default" data-id="2bab4fcf" data-element_type="section" data-e-type="section">
						<div class="elementor-container elementor-column-gap-default">
					<div class="elementor-column elementor-col-100 elementor-top-column elementor-element elementor-element-74df9cf" data-id="74df9cf" data-element_type="column" data-e-type="column">
			<div class="elementor-widget-wrap elementor-element-populated">
						<section class="elementor-section elementor-inner-section elementor-element elementor-element-4c78fff8 elementor-section-full_width elementor-reverse-mobile elementor-section-height-default elementor-section-height-default" data-id="4c78fff8" data-element_type="section" data-e-type="section">
						<div class="elementor-container elementor-column-gap-no">
					<div class="elementor-column elementor-col-50 elementor-inner-column elementor-element elementor-element-7691b79e" data-id="7691b79e" data-element_type="column" data-e-type="column">
			<div class="elementor-widget-wrap elementor-element-populated">
						<div class="elementor-element elementor-element-319ac96c elementor--h-position-center elementor--v-position-middle elementor-arrows-position-inside elementor-widget elementor-widget-slides" data-id="319ac96c" data-element_type="widget" data-e-type="widget" data-settings="{&quot;navigation&quot;:&quot;arrows&quot;,&quot;autoplay&quot;:&quot;yes&quot;,&quot;pause_on_hover&quot;:&quot;yes&quot;,&quot;pause_on_interaction&quot;:&quot;yes&quot;,&quot;autoplay_speed&quot;:5000,&quot;infinite&quot;:&quot;yes&quot;,&quot;transition&quot;:&quot;slide&quot;,&quot;transition_speed&quot;:500}" data-widget_type="slides.default">
										<div class="elementor-slides-wrapper elementor-main-swiper swiper" role="region" aria-roledescription="carousel" aria-label="Slides" dir="ltr" data-animation="fadeInUp">
				<div class="swiper-wrapper elementor-slides">
										<div class="elementor-repeater-item-e8368c1 swiper-slide" role="group" aria-roledescription="slide"><div class="swiper-slide-bg" role="img" aria-label="FestivalMusiquesSacréesFès_AndresMarin©HarryBenhaiem"></div><div class="swiper-slide-inner" ><div class="swiper-slide-contents"></div></div></div><div class="elementor-repeater-item-9add82e swiper-slide" role="group" aria-roledescription="slide"><div class="swiper-slide-bg" role="img" aria-label="FestivalMusiquesSacreesFes14©artemovimiento"></div><div class="swiper-slide-inner" ><div class="swiper-slide-contents"></div></div></div><div class="elementor-repeater-item-d16d3e3 swiper-slide" role="group" aria-roledescription="slide"><div class="swiper-slide-bg" role="img" aria-label="FestivalMusiquesSacreesFes12©artemovimiento"></div><div class="swiper-slide-inner" ><div class="swiper-slide-contents"></div></div></div><div class="elementor-repeater-item-e6872c9 swiper-slide" role="group" aria-roledescription="slide"><div class="swiper-slide-bg" role="img" aria-label="FestivalMusiquesSacreesFes11©artemovimiento"></div><div class="swiper-slide-inner" ><div class="swiper-slide-contents"></div></div></div><div class="elementor-repeater-item-3298ec4 swiper-slide" role="group" aria-roledescription="slide"><div class="swiper-slide-bg" role="img" aria-label="FestivalMusiquesSacreesFes2©artemovimiento"></div><div class="swiper-slide-inner" ><div class="swiper-slide-contents"></div></div></div><div class="elementor-repeater-item-e46cde4 swiper-slide" role="group" aria-roledescription="slide"><div class="swiper-slide-bg" role="img" aria-label="FestivalMusiquesSacreesFes8©artemovimiento"></div><div class="swiper-slide-inner" ><div class="swiper-slide-contents"></div></div></div><div class="elementor-repeater-item-4b285e2 swiper-slide" role="group" aria-roledescription="slide"><div class="swiper-slide-bg" role="img" aria-label="FestivalMusiquesSacreesFEs5©artemovimiento"></div><div class="swiper-slide-inner" ><div class="swiper-slide-contents"></div></div></div><div class="elementor-repeater-item-a226a53 swiper-slide" role="group" aria-roledescription="slide"><div class="swiper-slide-bg" role="img" aria-label="FestivalMusiquesSacreesFes4©artemovimiento"></div><div class="swiper-slide-inner" ><div class="swiper-slide-contents"></div></div></div><div class="elementor-repeater-item-f9770ac swiper-slide" role="group" aria-roledescription="slide"><div class="swiper-slide-bg" role="img" aria-label="FestivalMusiquesSacreesFes4©artemovimiento"></div><div class="swiper-slide-inner" ><div class="swiper-slide-contents"></div></div></div><div class="elementor-repeater-item-e693109 swiper-slide" role="group" aria-roledescription="slide"><div class="swiper-slide-bg" role="img" aria-label="FestivalMusiquesSacreesFes6©artemovimiento"></div><div class="swiper-slide-inner" ><div class="swiper-slide-contents"></div></div></div>				</div>
															<div class="elementor-swiper-button elementor-swiper-button-prev" role="button" tabindex="0" aria-label="Previous slide">
							<svg aria-hidden="true" class="e-font-icon-svg e-eicon-chevron-left" viewBox="0 0 1000 1000" xmlns="http://www.w3.org/2000/svg"><path d="M646 125C629 125 613 133 604 142L308 442C296 454 292 471 292 487 292 504 296 521 308 533L604 854C617 867 629 875 646 875 663 875 679 871 692 858 704 846 713 829 713 812 713 796 708 779 692 767L438 487 692 225C700 217 708 204 708 187 708 171 704 154 692 142 675 129 663 125 646 125Z"></path></svg>						</div>
						<div class="elementor-swiper-button elementor-swiper-button-next" role="button" tabindex="0" aria-label="Next slide">
							<svg aria-hidden="true" class="e-font-icon-svg e-eicon-chevron-right" viewBox="0 0 1000 1000" xmlns="http://www.w3.org/2000/svg"><path d="M696 533C708 521 713 504 713 487 713 471 708 454 696 446L400 146C388 133 375 125 354 125 338 125 325 129 313 142 300 154 292 171 292 187 292 204 296 221 308 233L563 492 304 771C292 783 288 800 288 817 288 833 296 850 308 863 321 871 338 875 354 875 371 875 388 867 400 854L696 533Z"></path></svg>						</div>
																	</div>
								</div>
					</div>
		</div>
				<div class="elementor-column elementor-col-50 elementor-inner-column elementor-element elementor-element-60e585df" data-id="60e585df" data-element_type="column" data-e-type="column">
			<div class="elementor-widget-wrap elementor-element-populated">
						<div class="elementor-element elementor-element-5b6f0ae1 elementor-widget elementor-widget-heading" data-id="5b6f0ae1" data-element_type="widget" data-e-type="widget" data-widget_type="heading.default">
					<h2 class="elementor-heading-title elementor-size-default">Soirée inaugurale<br> L’amour est ma religion<br> du Festival Fès Musique sacrées du monde</h2>				</div>
				<div class="elementor-element elementor-element-c5103ef elementor-widget elementor-widget-text-editor" data-id="c5103ef" data-element_type="widget" data-e-type="widget" data-widget_type="text-editor.default">
									<p><strong>Juin 2013</strong><br>Pour sa 19e édition, le festival de Musiques Sacrées de Fès a choisi de rendre hommage à l’Andalousie carrefour des religions : l’Andalousie amazigh, l’Andalousie arabe, flamenca, musulmane ou juive, pour célébrer le millenaire du royaume de Grenade, érigé en 1013 sous le pouvoir indépendant de la famille berbère des Zirides.<br>Sous la direction du chorégraphe Andrés Marín, la chanteuse Carmen Linares et Tomasa La Macanita ont été les acteurs de l’inauguration du festival, qui a également accueilli le célèbre guitariste Paco de Lucía sur sa scène principale.</p>								</div>
					</div>
		</div>
					</div>
		</section>
				<div class="elementor-element elementor-element-260f3652 elementor-widget elementor-widget-video" data-id="260f3652" data-element_type="widget" data-e-type="widget" data-settings="{&quot;video_type&quot;:&quot;vimeo&quot;}" data-widget_type="video.default">
							<div class="elementor-wrapper elementor-open-inline">
			<iframe class="elementor-video-iframe" allowfullscreen allow="clipboard-write" title="vimeo Video Player" src="https://player.vimeo.com/video/67051213?color&amp;autopause=0&amp;loop=0&amp;muted=0&amp;title=1&amp;portrait=1&amp;byline=1#t="></iframe>		</div>
						</div>
					</div>
		</div>
					</div>
		</section>
				</div>
