{"id":8709,"date":"2022-04-19T13:39:32","date_gmt":"2022-04-19T13:39:32","guid":{"rendered":"https:\/\/artemovimiento.es\/historico\/1a-biennale-dart-flamenco-de-chaillot-2013\/"},"modified":"2022-07-13T18:23:01","modified_gmt":"2022-07-13T18:23:01","slug":"1a-biennale-dart-flamenco-de-chaillot-2013","status":"publish","type":"historico","link":"https:\/\/artemovimiento.es\/fr\/historico\/1a-biennale-dart-flamenco-de-chaillot-2013\/","title":{"rendered":"1\u00aa BIENNALE D\u2019ART FLAMENCO DE CHAILLOT 2013"},"content":{"rendered":"\t\t<div data-elementor-type=\"wp-post\" data-elementor-id=\"8709\" class=\"elementor elementor-8709 elementor-7457\" data-elementor-post-type=\"historico\">\n\t\t\t\t\t\t<section class=\"elementor-section elementor-top-section elementor-element elementor-element-2bab4fcf elementor-section-full_width elementor-section-height-default elementor-section-height-default\" data-id=\"2bab4fcf\" data-element_type=\"section\" data-e-type=\"section\">\n\t\t\t\t\t\t<div class=\"elementor-container elementor-column-gap-default\">\n\t\t\t\t\t<div class=\"elementor-column elementor-col-100 elementor-top-column elementor-element elementor-element-74df9cf\" data-id=\"74df9cf\" data-element_type=\"column\" data-e-type=\"column\">\n\t\t\t<div class=\"elementor-widget-wrap elementor-element-populated\">\n\t\t\t\t\t\t<section class=\"elementor-section elementor-inner-section elementor-element elementor-element-4c78fff8 elementor-section-full_width elementor-reverse-mobile elementor-section-height-default elementor-section-height-default\" data-id=\"4c78fff8\" data-element_type=\"section\" data-e-type=\"section\">\n\t\t\t\t\t\t<div class=\"elementor-container elementor-column-gap-no\">\n\t\t\t\t\t<div class=\"elementor-column elementor-col-50 elementor-inner-column elementor-element elementor-element-7691b79e\" data-id=\"7691b79e\" data-element_type=\"column\" data-e-type=\"column\">\n\t\t\t<div class=\"elementor-widget-wrap elementor-element-populated\">\n\t\t\t\t\t\t<div class=\"elementor-element elementor-element-319ac96c elementor--h-position-center elementor--v-position-middle elementor-arrows-position-inside elementor-widget elementor-widget-slides\" data-id=\"319ac96c\" data-element_type=\"widget\" data-e-type=\"widget\" data-settings=\"{&quot;navigation&quot;:&quot;arrows&quot;,&quot;autoplay&quot;:&quot;yes&quot;,&quot;pause_on_hover&quot;:&quot;yes&quot;,&quot;pause_on_interaction&quot;:&quot;yes&quot;,&quot;autoplay_speed&quot;:5000,&quot;infinite&quot;:&quot;yes&quot;,&quot;transition&quot;:&quot;slide&quot;,&quot;transition_speed&quot;:500}\" data-widget_type=\"slides.default\">\n\t\t\t\t\t\t\t\t\t\t<div class=\"elementor-slides-wrapper elementor-main-swiper swiper\" role=\"region\" aria-roledescription=\"carousel\" aria-label=\"Slides\" dir=\"ltr\" data-animation=\"fadeInUp\">\n\t\t\t\t<div class=\"swiper-wrapper elementor-slides\">\n\t\t\t\t\t\t\t\t\t\t<div class=\"elementor-repeater-item-9add82e swiper-slide\" role=\"group\" aria-roledescription=\"slide\"><div class=\"swiper-slide-bg\" role=\"img\" aria-label=\"2013 chaillot\"><\/div><div class=\"swiper-slide-inner\" ><div class=\"swiper-slide-contents\"><\/div><\/div><\/div><div class=\"elementor-repeater-item-8a22a52 swiper-slide\" role=\"group\" aria-roledescription=\"slide\"><div class=\"swiper-slide-bg\" role=\"img\" aria-label=\"2013 chaillot montaje claire\"><\/div><div class=\"swiper-slide-inner\" ><div class=\"swiper-slide-contents\"><\/div><\/div><\/div><div class=\"elementor-repeater-item-b8c4cd2 swiper-slide\" role=\"group\" aria-roledescription=\"slide\"><div class=\"swiper-slide-bg\" role=\"img\" aria-label=\"2013 chaillot montaje claire4\"><\/div><div class=\"swiper-slide-inner\" ><div class=\"swiper-slide-contents\"><\/div><\/div><\/div><div class=\"elementor-repeater-item-fd289f2 swiper-slide\" role=\"group\" aria-roledescription=\"slide\"><div class=\"swiper-slide-bg\" role=\"img\" aria-label=\"2013 chaillot montaje claire2\"><\/div><div class=\"swiper-slide-inner\" ><div class=\"swiper-slide-contents\"><\/div><\/div><\/div>\t\t\t\t<\/div>\n\t\t\t\t\t\t\t\t\t\t\t\t\t\t\t<div class=\"elementor-swiper-button elementor-swiper-button-prev\" role=\"button\" tabindex=\"0\" aria-label=\"Previous slide\">\n\t\t\t\t\t\t\t<svg aria-hidden=\"true\" class=\"e-font-icon-svg e-eicon-chevron-left\" viewBox=\"0 0 1000 1000\" xmlns=\"http:\/\/www.w3.org\/2000\/svg\"><path d=\"M646 125C629 125 613 133 604 142L308 442C296 454 292 471 292 487 292 504 296 521 308 533L604 854C617 867 629 875 646 875 663 875 679 871 692 858 704 846 713 829 713 812 713 796 708 779 692 767L438 487 692 225C700 217 708 204 708 187 708 171 704 154 692 142 675 129 663 125 646 125Z\"><\/path><\/svg>\t\t\t\t\t\t<\/div>\n\t\t\t\t\t\t<div class=\"elementor-swiper-button elementor-swiper-button-next\" role=\"button\" tabindex=\"0\" aria-label=\"Next slide\">\n\t\t\t\t\t\t\t<svg aria-hidden=\"true\" class=\"e-font-icon-svg e-eicon-chevron-right\" viewBox=\"0 0 1000 1000\" xmlns=\"http:\/\/www.w3.org\/2000\/svg\"><path d=\"M696 533C708 521 713 504 713 487 713 471 708 454 696 446L400 146C388 133 375 125 354 125 338 125 325 129 313 142 300 154 292 171 292 187 292 204 296 221 308 233L563 492 304 771C292 783 288 800 288 817 288 833 296 850 308 863 321 871 338 875 354 875 371 875 388 867 400 854L696 533Z\"><\/path><\/svg>\t\t\t\t\t\t<\/div>\n\t\t\t\t\t\t\t\t\t\t\t\t\t\t\t\t\t<\/div>\n\t\t\t\t\t\t\t\t<\/div>\n\t\t\t\t\t<\/div>\n\t\t<\/div>\n\t\t\t\t<div class=\"elementor-column elementor-col-50 elementor-inner-column elementor-element elementor-element-60e585df\" data-id=\"60e585df\" data-element_type=\"column\" data-e-type=\"column\">\n\t\t\t<div class=\"elementor-widget-wrap elementor-element-populated\">\n\t\t\t\t\t\t<div class=\"elementor-element elementor-element-5b6f0ae1 elementor-widget elementor-widget-heading\" data-id=\"5b6f0ae1\" data-element_type=\"widget\" data-e-type=\"widget\" data-widget_type=\"heading.default\">\n\t\t\t\t\t<h2 class=\"elementor-heading-title elementor-size-default\">Chaillot \u2013 Th\u00e9\u00e2tre National de la danse<\/h2>\t\t\t\t<\/div>\n\t\t\t\t<div class=\"elementor-element elementor-element-c5103ef elementor-widget elementor-widget-text-editor\" data-id=\"c5103ef\" data-element_type=\"widget\" data-e-type=\"widget\" data-widget_type=\"text-editor.default\">\n\t\t\t\t\t\t\t\t\t<p><strong>Juin 2013<\/strong><\/p><p>Le flamenco est l\u2019une des formes artistiques actuelles les plus f\u00e9condes et originales. Sa force repose sur un subtil m\u00e9lange de spontan\u00e9it\u00e9 et de ma\u00eetrise de la tension qui t\u00e9moigne d&rsquo;une passion extr\u00eame. Aux chants, danses et musiques, la litt\u00e9rature, la photographie, le cin\u00e9ma, tout autant que les arts plastiques, le th\u00e9\u00e2tre et la mode vestimentaire, participent d\u00e9sormais \u00e0 l\u2019extraordinaire vitalit\u00e9 cr\u00e9ative de cet art profond\u00e9ment populaire.<\/p><p>\u00c0 Chaillot, nous donnons rendez-vous \u00e0 tous les amateurs pour la premi\u00e8re \u00e9dition de cette biennale imagin\u00e9e avec l\u2019aide pr\u00e9cieuse et experte de Daniela Lazary, et avec le soutien de la r\u00e9gion andalouse et la complicit\u00e9 de l&rsquo;Instituto Cervantes. <strong>Didier Deschamps, directeur artistique de Chaillot \u2013 Th\u00e9\u00e2tre National de la Danse<\/strong><\/p>\t\t\t\t\t\t\t\t<\/div>\n\t\t\t\t\t<\/div>\n\t\t<\/div>\n\t\t\t\t\t<\/div>\n\t\t<\/section>\n\t\t\t\t<div class=\"elementor-element elementor-element-260f3652 elementor-widget elementor-widget-video\" data-id=\"260f3652\" data-element_type=\"widget\" data-e-type=\"widget\" data-settings=\"{&quot;video_type&quot;:&quot;vimeo&quot;}\" data-widget_type=\"video.default\">\n\t\t\t\t\t\t\t<div class=\"elementor-wrapper elementor-open-inline\">\n\t\t\t<iframe class=\"elementor-video-iframe\" allowfullscreen allow=\"clipboard-write\" title=\"vimeo Video Player\" src=\"https:\/\/player.vimeo.com\/video\/61719621?color&amp;autopause=0&amp;loop=0&amp;muted=0&amp;title=1&amp;portrait=1&amp;byline=1#t=\"><\/iframe>\t\t<\/div>\n\t\t\t\t\t\t<\/div>\n\t\t\t\t\t<\/div>\n\t\t<\/div>\n\t\t\t\t\t<\/div>\n\t\t<\/section>\n\t\t\t\t<\/div>\n\t\t","protected":false},"featured_media":0,"template":"","class_list":["post-8709","historico","type-historico","status-publish","hentry"],"acf":[],"_links":{"self":[{"href":"https:\/\/artemovimiento.es\/fr\/wp-json\/wp\/v2\/historico\/8709","targetHints":{"allow":["GET"]}}],"collection":[{"href":"https:\/\/artemovimiento.es\/fr\/wp-json\/wp\/v2\/historico"}],"about":[{"href":"https:\/\/artemovimiento.es\/fr\/wp-json\/wp\/v2\/types\/historico"}],"version-history":[{"count":0,"href":"https:\/\/artemovimiento.es\/fr\/wp-json\/wp\/v2\/historico\/8709\/revisions"}],"wp:attachment":[{"href":"https:\/\/artemovimiento.es\/fr\/wp-json\/wp\/v2\/media?parent=8709"}],"curies":[{"name":"wp","href":"https:\/\/api.w.org\/{rel}","templated":true}]}}

1ª BIENNALE D’ART FLAMENCO DE CHAILLOT 2013

<div data-elementor-type="wp-post" data-elementor-id="8709" class="elementor elementor-8709 elementor-7457" data-elementor-post-type="historico">
						<section class="elementor-section elementor-top-section elementor-element elementor-element-2bab4fcf elementor-section-full_width elementor-section-height-default elementor-section-height-default" data-id="2bab4fcf" data-element_type="section" data-e-type="section">
						<div class="elementor-container elementor-column-gap-default">
					<div class="elementor-column elementor-col-100 elementor-top-column elementor-element elementor-element-74df9cf" data-id="74df9cf" data-element_type="column" data-e-type="column">
			<div class="elementor-widget-wrap elementor-element-populated">
						<section class="elementor-section elementor-inner-section elementor-element elementor-element-4c78fff8 elementor-section-full_width elementor-reverse-mobile elementor-section-height-default elementor-section-height-default" data-id="4c78fff8" data-element_type="section" data-e-type="section">
						<div class="elementor-container elementor-column-gap-no">
					<div class="elementor-column elementor-col-50 elementor-inner-column elementor-element elementor-element-7691b79e" data-id="7691b79e" data-element_type="column" data-e-type="column">
			<div class="elementor-widget-wrap elementor-element-populated">
						<div class="elementor-element elementor-element-319ac96c elementor--h-position-center elementor--v-position-middle elementor-arrows-position-inside elementor-widget elementor-widget-slides" data-id="319ac96c" data-element_type="widget" data-e-type="widget" data-settings="{&quot;navigation&quot;:&quot;arrows&quot;,&quot;autoplay&quot;:&quot;yes&quot;,&quot;pause_on_hover&quot;:&quot;yes&quot;,&quot;pause_on_interaction&quot;:&quot;yes&quot;,&quot;autoplay_speed&quot;:5000,&quot;infinite&quot;:&quot;yes&quot;,&quot;transition&quot;:&quot;slide&quot;,&quot;transition_speed&quot;:500}" data-widget_type="slides.default">
										<div class="elementor-slides-wrapper elementor-main-swiper swiper" role="region" aria-roledescription="carousel" aria-label="Slides" dir="ltr" data-animation="fadeInUp">
				<div class="swiper-wrapper elementor-slides">
										<div class="elementor-repeater-item-9add82e swiper-slide" role="group" aria-roledescription="slide"><div class="swiper-slide-bg" role="img" aria-label="2013 chaillot"></div><div class="swiper-slide-inner" ><div class="swiper-slide-contents"></div></div></div><div class="elementor-repeater-item-8a22a52 swiper-slide" role="group" aria-roledescription="slide"><div class="swiper-slide-bg" role="img" aria-label="2013 chaillot montaje claire"></div><div class="swiper-slide-inner" ><div class="swiper-slide-contents"></div></div></div><div class="elementor-repeater-item-b8c4cd2 swiper-slide" role="group" aria-roledescription="slide"><div class="swiper-slide-bg" role="img" aria-label="2013 chaillot montaje claire4"></div><div class="swiper-slide-inner" ><div class="swiper-slide-contents"></div></div></div><div class="elementor-repeater-item-fd289f2 swiper-slide" role="group" aria-roledescription="slide"><div class="swiper-slide-bg" role="img" aria-label="2013 chaillot montaje claire2"></div><div class="swiper-slide-inner" ><div class="swiper-slide-contents"></div></div></div>				</div>
															<div class="elementor-swiper-button elementor-swiper-button-prev" role="button" tabindex="0" aria-label="Previous slide">
							<svg aria-hidden="true" class="e-font-icon-svg e-eicon-chevron-left" viewBox="0 0 1000 1000" xmlns="http://www.w3.org/2000/svg"><path d="M646 125C629 125 613 133 604 142L308 442C296 454 292 471 292 487 292 504 296 521 308 533L604 854C617 867 629 875 646 875 663 875 679 871 692 858 704 846 713 829 713 812 713 796 708 779 692 767L438 487 692 225C700 217 708 204 708 187 708 171 704 154 692 142 675 129 663 125 646 125Z"></path></svg>						</div>
						<div class="elementor-swiper-button elementor-swiper-button-next" role="button" tabindex="0" aria-label="Next slide">
							<svg aria-hidden="true" class="e-font-icon-svg e-eicon-chevron-right" viewBox="0 0 1000 1000" xmlns="http://www.w3.org/2000/svg"><path d="M696 533C708 521 713 504 713 487 713 471 708 454 696 446L400 146C388 133 375 125 354 125 338 125 325 129 313 142 300 154 292 171 292 187 292 204 296 221 308 233L563 492 304 771C292 783 288 800 288 817 288 833 296 850 308 863 321 871 338 875 354 875 371 875 388 867 400 854L696 533Z"></path></svg>						</div>
																	</div>
								</div>
					</div>
		</div>
				<div class="elementor-column elementor-col-50 elementor-inner-column elementor-element elementor-element-60e585df" data-id="60e585df" data-element_type="column" data-e-type="column">
			<div class="elementor-widget-wrap elementor-element-populated">
						<div class="elementor-element elementor-element-5b6f0ae1 elementor-widget elementor-widget-heading" data-id="5b6f0ae1" data-element_type="widget" data-e-type="widget" data-widget_type="heading.default">
					<h2 class="elementor-heading-title elementor-size-default">Chaillot – Théâtre National de la danse</h2>				</div>
				<div class="elementor-element elementor-element-c5103ef elementor-widget elementor-widget-text-editor" data-id="c5103ef" data-element_type="widget" data-e-type="widget" data-widget_type="text-editor.default">
									<p><strong>Juin 2013</strong></p><p>Le flamenco est l’une des formes artistiques actuelles les plus fécondes et originales. Sa force repose sur un subtil mélange de spontanéité et de maîtrise de la tension qui témoigne d&rsquo;une passion extrême. Aux chants, danses et musiques, la littérature, la photographie, le cinéma, tout autant que les arts plastiques, le théâtre et la mode vestimentaire, participent désormais à l’extraordinaire vitalité créative de cet art profondément populaire.</p><p>À Chaillot, nous donnons rendez-vous à tous les amateurs pour la première édition de cette biennale imaginée avec l’aide précieuse et experte de Daniela Lazary, et avec le soutien de la région andalouse et la complicité de l&rsquo;Instituto Cervantes. <strong>Didier Deschamps, directeur artistique de Chaillot – Théâtre National de la Danse</strong></p>								</div>
					</div>
		</div>
					</div>
		</section>
				<div class="elementor-element elementor-element-260f3652 elementor-widget elementor-widget-video" data-id="260f3652" data-element_type="widget" data-e-type="widget" data-settings="{&quot;video_type&quot;:&quot;vimeo&quot;}" data-widget_type="video.default">
							<div class="elementor-wrapper elementor-open-inline">
			<iframe class="elementor-video-iframe" allowfullscreen allow="clipboard-write" title="vimeo Video Player" src="https://player.vimeo.com/video/61719621?color&amp;autopause=0&amp;loop=0&amp;muted=0&amp;title=1&amp;portrait=1&amp;byline=1#t="></iframe>		</div>
						</div>
					</div>
		</div>
					</div>
		</section>
				</div>
