{"id":8713,"date":"2022-04-19T13:39:24","date_gmt":"2022-04-19T13:39:24","guid":{"rendered":"https:\/\/artemovimiento.es\/historico\/carmen-lilith-theatre-flamenco-2013\/"},"modified":"2022-07-13T18:26:43","modified_gmt":"2022-07-13T18:26:43","slug":"carmen-lilith-theatre-flamenco-2013","status":"publish","type":"historico","link":"https:\/\/artemovimiento.es\/fr\/historico\/carmen-lilith-theatre-flamenco-2013\/","title":{"rendered":"CARMEN LILITH TH\u00c9\u00c2TRE FLAMENCO 2013"},"content":{"rendered":"\t\t<div data-elementor-type=\"wp-post\" data-elementor-id=\"8713\" class=\"elementor elementor-8713 elementor-7456\" data-elementor-post-type=\"historico\">\n\t\t\t\t\t\t<section class=\"elementor-section elementor-top-section elementor-element elementor-element-2bab4fcf elementor-section-full_width elementor-section-height-default elementor-section-height-default\" data-id=\"2bab4fcf\" data-element_type=\"section\" data-e-type=\"section\">\n\t\t\t\t\t\t<div class=\"elementor-container elementor-column-gap-default\">\n\t\t\t\t\t<div class=\"elementor-column elementor-col-100 elementor-top-column elementor-element elementor-element-74df9cf\" data-id=\"74df9cf\" data-element_type=\"column\" data-e-type=\"column\">\n\t\t\t<div class=\"elementor-widget-wrap elementor-element-populated\">\n\t\t\t\t\t\t<section class=\"elementor-section elementor-inner-section elementor-element elementor-element-4c78fff8 elementor-section-full_width elementor-reverse-mobile elementor-section-height-default elementor-section-height-default\" data-id=\"4c78fff8\" data-element_type=\"section\" data-e-type=\"section\">\n\t\t\t\t\t\t<div class=\"elementor-container elementor-column-gap-no\">\n\t\t\t\t\t<div class=\"elementor-column elementor-col-50 elementor-inner-column elementor-element elementor-element-7691b79e\" data-id=\"7691b79e\" data-element_type=\"column\" data-e-type=\"column\">\n\t\t\t<div class=\"elementor-widget-wrap elementor-element-populated\">\n\t\t\t\t\t\t<div class=\"elementor-element elementor-element-319ac96c elementor--h-position-center elementor--v-position-middle elementor-arrows-position-inside elementor-widget elementor-widget-slides\" data-id=\"319ac96c\" data-element_type=\"widget\" data-e-type=\"widget\" data-settings=\"{&quot;navigation&quot;:&quot;arrows&quot;,&quot;autoplay&quot;:&quot;yes&quot;,&quot;pause_on_hover&quot;:&quot;yes&quot;,&quot;pause_on_interaction&quot;:&quot;yes&quot;,&quot;autoplay_speed&quot;:5000,&quot;infinite&quot;:&quot;yes&quot;,&quot;transition&quot;:&quot;slide&quot;,&quot;transition_speed&quot;:500}\" data-widget_type=\"slides.default\">\n\t\t\t\t\t\t\t\t\t\t<div class=\"elementor-slides-wrapper elementor-main-swiper swiper\" role=\"region\" aria-roledescription=\"carousel\" aria-label=\"Slides\" dir=\"ltr\" data-animation=\"fadeInUp\">\n\t\t\t\t<div class=\"swiper-wrapper elementor-slides\">\n\t\t\t\t\t\t\t\t\t\t<div class=\"elementor-repeater-item-9add82e swiper-slide\" role=\"group\" aria-roledescription=\"slide\"><div class=\"swiper-slide-bg\" role=\"img\" aria-label=\"CarmenLilith_BiennaleChaillot\u00a9TNC\"><\/div><div class=\"swiper-slide-inner\" ><div class=\"swiper-slide-contents\"><\/div><\/div><\/div><div class=\"elementor-repeater-item-e8368c1 swiper-slide\" role=\"group\" aria-roledescription=\"slide\"><div class=\"swiper-slide-bg\" role=\"img\" aria-label=\"CarmenLilith_BiennaleChaillot2\u00a9TNC\"><\/div><div class=\"swiper-slide-inner\" ><div class=\"swiper-slide-contents\"><\/div><\/div><\/div>\t\t\t\t<\/div>\n\t\t\t\t\t\t\t\t\t\t\t\t\t\t\t<div class=\"elementor-swiper-button elementor-swiper-button-prev\" role=\"button\" tabindex=\"0\" aria-label=\"Previous slide\">\n\t\t\t\t\t\t\t<svg aria-hidden=\"true\" class=\"e-font-icon-svg e-eicon-chevron-left\" viewBox=\"0 0 1000 1000\" xmlns=\"http:\/\/www.w3.org\/2000\/svg\"><path d=\"M646 125C629 125 613 133 604 142L308 442C296 454 292 471 292 487 292 504 296 521 308 533L604 854C617 867 629 875 646 875 663 875 679 871 692 858 704 846 713 829 713 812 713 796 708 779 692 767L438 487 692 225C700 217 708 204 708 187 708 171 704 154 692 142 675 129 663 125 646 125Z\"><\/path><\/svg>\t\t\t\t\t\t<\/div>\n\t\t\t\t\t\t<div class=\"elementor-swiper-button elementor-swiper-button-next\" role=\"button\" tabindex=\"0\" aria-label=\"Next slide\">\n\t\t\t\t\t\t\t<svg aria-hidden=\"true\" class=\"e-font-icon-svg e-eicon-chevron-right\" viewBox=\"0 0 1000 1000\" xmlns=\"http:\/\/www.w3.org\/2000\/svg\"><path d=\"M696 533C708 521 713 504 713 487 713 471 708 454 696 446L400 146C388 133 375 125 354 125 338 125 325 129 313 142 300 154 292 171 292 187 292 204 296 221 308 233L563 492 304 771C292 783 288 800 288 817 288 833 296 850 308 863 321 871 338 875 354 875 371 875 388 867 400 854L696 533Z\"><\/path><\/svg>\t\t\t\t\t\t<\/div>\n\t\t\t\t\t\t\t\t\t\t\t\t\t\t\t\t\t<\/div>\n\t\t\t\t\t\t\t\t<\/div>\n\t\t\t\t\t<\/div>\n\t\t<\/div>\n\t\t\t\t<div class=\"elementor-column elementor-col-50 elementor-inner-column elementor-element elementor-element-60e585df\" data-id=\"60e585df\" data-element_type=\"column\" data-e-type=\"column\">\n\t\t\t<div class=\"elementor-widget-wrap elementor-element-populated\">\n\t\t\t\t\t\t<div class=\"elementor-element elementor-element-5b6f0ae1 elementor-widget elementor-widget-heading\" data-id=\"5b6f0ae1\" data-element_type=\"widget\" data-e-type=\"widget\" data-widget_type=\"heading.default\">\n\t\t\t\t\t<h2 class=\"elementor-heading-title elementor-size-default\">Chaillot \u2013 Th\u00e9\u00e2tre National de la danse <\/h2>\t\t\t\t<\/div>\n\t\t\t\t<div class=\"elementor-element elementor-element-c5103ef elementor-widget elementor-widget-text-editor\" data-id=\"c5103ef\" data-element_type=\"widget\" data-e-type=\"widget\" data-widget_type=\"text-editor.default\">\n\t\t\t\t\t\t\t\t\t<strong>Cr\u00e9ation 2013<\/strong><br>S\u2019il y a deux mots qui pourraient r\u00e9sumer le spectacle Carmen Lilith de Francisco Ortu\u00f1o Mill\u00e1n ce serait peut-\u00eatre \u00ab \u00e9motions \u00bb et \u00ab surprises \u00bb. \u00c9motions comme celles ressenties tout au long de ce spectacle o\u00f9 s\u2019entrecroisent, dans une longue plainte m\u00ealant la voix, les images et la danse, Carmen l\u2019ic\u00f4ne et Lilith la perverse\u2026 \u00ab Surprises \u00bb ensuite. En confrontant ce mythe \u00e9ternel qu\u2019est celui de Carmen avec celui de Lilith, la s\u00e9ductrice d\u00e9voreuse d\u2019hommes de la tradition h\u00e9bra\u00efque, Francisco Ortu\u00f1o Mill\u00e1n brouille tous les rep\u00e8res du clich\u00e9 andalou. <strong>Michel Mompontet<\/strong>\n\n<strong> <\/strong>\n\n<br><strong>Mise en sc\u00e8ne et auteur<\/strong> Francisco Ortu\u00f1o Mill\u00e1n\n\n<strong>Co-production<\/strong> Artemovimiento \/ Chaillot \u2013 Th\u00e9\u00e2tre national de la Danse\t\t\t\t\t\t\t\t<\/div>\n\t\t\t\t\t<\/div>\n\t\t<\/div>\n\t\t\t\t\t<\/div>\n\t\t<\/section>\n\t\t\t\t<div class=\"elementor-element elementor-element-260f3652 elementor-widget elementor-widget-video\" data-id=\"260f3652\" data-element_type=\"widget\" data-e-type=\"widget\" data-settings=\"{&quot;video_type&quot;:&quot;vimeo&quot;}\" data-widget_type=\"video.default\">\n\t\t\t\t\t\t\t<div class=\"elementor-wrapper elementor-open-inline\">\n\t\t\t<iframe class=\"elementor-video-iframe\" allowfullscreen allow=\"clipboard-write\" title=\"vimeo Video Player\" src=\"https:\/\/player.vimeo.com\/video\/77031435?color&amp;autopause=0&amp;loop=0&amp;muted=0&amp;title=1&amp;portrait=1&amp;byline=1#t=\"><\/iframe>\t\t<\/div>\n\t\t\t\t\t\t<\/div>\n\t\t\t\t\t<\/div>\n\t\t<\/div>\n\t\t\t\t\t<\/div>\n\t\t<\/section>\n\t\t\t\t<\/div>\n\t\t","protected":false},"featured_media":0,"template":"","class_list":["post-8713","historico","type-historico","status-publish","hentry"],"acf":[],"_links":{"self":[{"href":"https:\/\/artemovimiento.es\/fr\/wp-json\/wp\/v2\/historico\/8713","targetHints":{"allow":["GET"]}}],"collection":[{"href":"https:\/\/artemovimiento.es\/fr\/wp-json\/wp\/v2\/historico"}],"about":[{"href":"https:\/\/artemovimiento.es\/fr\/wp-json\/wp\/v2\/types\/historico"}],"version-history":[{"count":0,"href":"https:\/\/artemovimiento.es\/fr\/wp-json\/wp\/v2\/historico\/8713\/revisions"}],"wp:attachment":[{"href":"https:\/\/artemovimiento.es\/fr\/wp-json\/wp\/v2\/media?parent=8713"}],"curies":[{"name":"wp","href":"https:\/\/api.w.org\/{rel}","templated":true}]}}

CARMEN LILITH THÉÂTRE FLAMENCO 2013

<div data-elementor-type="wp-post" data-elementor-id="8713" class="elementor elementor-8713 elementor-7456" data-elementor-post-type="historico">
						<section class="elementor-section elementor-top-section elementor-element elementor-element-2bab4fcf elementor-section-full_width elementor-section-height-default elementor-section-height-default" data-id="2bab4fcf" data-element_type="section" data-e-type="section">
						<div class="elementor-container elementor-column-gap-default">
					<div class="elementor-column elementor-col-100 elementor-top-column elementor-element elementor-element-74df9cf" data-id="74df9cf" data-element_type="column" data-e-type="column">
			<div class="elementor-widget-wrap elementor-element-populated">
						<section class="elementor-section elementor-inner-section elementor-element elementor-element-4c78fff8 elementor-section-full_width elementor-reverse-mobile elementor-section-height-default elementor-section-height-default" data-id="4c78fff8" data-element_type="section" data-e-type="section">
						<div class="elementor-container elementor-column-gap-no">
					<div class="elementor-column elementor-col-50 elementor-inner-column elementor-element elementor-element-7691b79e" data-id="7691b79e" data-element_type="column" data-e-type="column">
			<div class="elementor-widget-wrap elementor-element-populated">
						<div class="elementor-element elementor-element-319ac96c elementor--h-position-center elementor--v-position-middle elementor-arrows-position-inside elementor-widget elementor-widget-slides" data-id="319ac96c" data-element_type="widget" data-e-type="widget" data-settings="{&quot;navigation&quot;:&quot;arrows&quot;,&quot;autoplay&quot;:&quot;yes&quot;,&quot;pause_on_hover&quot;:&quot;yes&quot;,&quot;pause_on_interaction&quot;:&quot;yes&quot;,&quot;autoplay_speed&quot;:5000,&quot;infinite&quot;:&quot;yes&quot;,&quot;transition&quot;:&quot;slide&quot;,&quot;transition_speed&quot;:500}" data-widget_type="slides.default">
										<div class="elementor-slides-wrapper elementor-main-swiper swiper" role="region" aria-roledescription="carousel" aria-label="Slides" dir="ltr" data-animation="fadeInUp">
				<div class="swiper-wrapper elementor-slides">
										<div class="elementor-repeater-item-9add82e swiper-slide" role="group" aria-roledescription="slide"><div class="swiper-slide-bg" role="img" aria-label="CarmenLilith_BiennaleChaillot©TNC"></div><div class="swiper-slide-inner" ><div class="swiper-slide-contents"></div></div></div><div class="elementor-repeater-item-e8368c1 swiper-slide" role="group" aria-roledescription="slide"><div class="swiper-slide-bg" role="img" aria-label="CarmenLilith_BiennaleChaillot2©TNC"></div><div class="swiper-slide-inner" ><div class="swiper-slide-contents"></div></div></div>				</div>
															<div class="elementor-swiper-button elementor-swiper-button-prev" role="button" tabindex="0" aria-label="Previous slide">
							<svg aria-hidden="true" class="e-font-icon-svg e-eicon-chevron-left" viewBox="0 0 1000 1000" xmlns="http://www.w3.org/2000/svg"><path d="M646 125C629 125 613 133 604 142L308 442C296 454 292 471 292 487 292 504 296 521 308 533L604 854C617 867 629 875 646 875 663 875 679 871 692 858 704 846 713 829 713 812 713 796 708 779 692 767L438 487 692 225C700 217 708 204 708 187 708 171 704 154 692 142 675 129 663 125 646 125Z"></path></svg>						</div>
						<div class="elementor-swiper-button elementor-swiper-button-next" role="button" tabindex="0" aria-label="Next slide">
							<svg aria-hidden="true" class="e-font-icon-svg e-eicon-chevron-right" viewBox="0 0 1000 1000" xmlns="http://www.w3.org/2000/svg"><path d="M696 533C708 521 713 504 713 487 713 471 708 454 696 446L400 146C388 133 375 125 354 125 338 125 325 129 313 142 300 154 292 171 292 187 292 204 296 221 308 233L563 492 304 771C292 783 288 800 288 817 288 833 296 850 308 863 321 871 338 875 354 875 371 875 388 867 400 854L696 533Z"></path></svg>						</div>
																	</div>
								</div>
					</div>
		</div>
				<div class="elementor-column elementor-col-50 elementor-inner-column elementor-element elementor-element-60e585df" data-id="60e585df" data-element_type="column" data-e-type="column">
			<div class="elementor-widget-wrap elementor-element-populated">
						<div class="elementor-element elementor-element-5b6f0ae1 elementor-widget elementor-widget-heading" data-id="5b6f0ae1" data-element_type="widget" data-e-type="widget" data-widget_type="heading.default">
					<h2 class="elementor-heading-title elementor-size-default">Chaillot – Théâtre National de la danse </h2>				</div>
				<div class="elementor-element elementor-element-c5103ef elementor-widget elementor-widget-text-editor" data-id="c5103ef" data-element_type="widget" data-e-type="widget" data-widget_type="text-editor.default">
									<strong>Création 2013</strong><br>S’il y a deux mots qui pourraient résumer le spectacle Carmen Lilith de Francisco Ortuño Millán ce serait peut-être « émotions » et « surprises ». Émotions comme celles ressenties tout au long de ce spectacle où s’entrecroisent, dans une longue plainte mêlant la voix, les images et la danse, Carmen l’icône et Lilith la perverse… « Surprises » ensuite. En confrontant ce mythe éternel qu’est celui de Carmen avec celui de Lilith, la séductrice dévoreuse d’hommes de la tradition hébraïque, Francisco Ortuño Millán brouille tous les repères du cliché andalou. <strong>Michel Mompontet</strong>

<strong> </strong>

<br><strong>Mise en scène et auteur</strong> Francisco Ortuño Millán

<strong>Co-production</strong> Artemovimiento / Chaillot – Théâtre national de la Danse								</div>
					</div>
		</div>
					</div>
		</section>
				<div class="elementor-element elementor-element-260f3652 elementor-widget elementor-widget-video" data-id="260f3652" data-element_type="widget" data-e-type="widget" data-settings="{&quot;video_type&quot;:&quot;vimeo&quot;}" data-widget_type="video.default">
							<div class="elementor-wrapper elementor-open-inline">
			<iframe class="elementor-video-iframe" allowfullscreen allow="clipboard-write" title="vimeo Video Player" src="https://player.vimeo.com/video/77031435?color&amp;autopause=0&amp;loop=0&amp;muted=0&amp;title=1&amp;portrait=1&amp;byline=1#t="></iframe>		</div>
						</div>
					</div>
		</div>
					</div>
		</section>
				</div>
