{"id":8652,"date":"2022-03-29T19:08:24","date_gmt":"2022-03-29T19:08:24","guid":{"rendered":"https:\/\/artemovimiento.es\/portfolio\/lineas-en-libertad\/"},"modified":"2022-07-13T15:30:40","modified_gmt":"2022-07-13T15:30:40","slug":"lineas-en-libertad","status":"publish","type":"portfolio","link":"https:\/\/artemovimiento.es\/fr\/portfolio\/lineas-en-libertad\/","title":{"rendered":"L\u00cdNEAS EN LIBERTAD"},"content":{"rendered":"\t\t<div data-elementor-type=\"wp-post\" data-elementor-id=\"8652\" class=\"elementor elementor-8652 elementor-6827\" data-elementor-post-type=\"portfolio\">\n\t\t\t\t\t\t<section class=\"elementor-section elementor-top-section elementor-element elementor-element-f477c59 elementor-section-full_width elementor-section-height-default elementor-section-height-default\" data-id=\"f477c59\" data-element_type=\"section\" data-e-type=\"section\">\n\t\t\t\t\t\t<div class=\"elementor-container elementor-column-gap-default\">\n\t\t\t\t\t<div class=\"elementor-column elementor-col-100 elementor-top-column elementor-element elementor-element-ef2a967\" data-id=\"ef2a967\" data-element_type=\"column\" data-e-type=\"column\">\n\t\t\t<div class=\"elementor-widget-wrap elementor-element-populated\">\n\t\t\t\t\t\t<section class=\"elementor-section elementor-inner-section elementor-element elementor-element-ac0ecd6 elementor-section-full_width elementor-reverse-mobile elementor-section-height-default elementor-section-height-default\" data-id=\"ac0ecd6\" data-element_type=\"section\" data-e-type=\"section\">\n\t\t\t\t\t\t<div class=\"elementor-container elementor-column-gap-no\">\n\t\t\t\t\t<div class=\"elementor-column elementor-col-50 elementor-inner-column elementor-element elementor-element-898edd9\" data-id=\"898edd9\" data-element_type=\"column\" data-e-type=\"column\">\n\t\t\t<div class=\"elementor-widget-wrap elementor-element-populated\">\n\t\t\t\t\t\t<div class=\"elementor-element elementor-element-d7e4abe elementor--h-position-center elementor--v-position-middle elementor-arrows-position-inside elementor-widget elementor-widget-slides\" data-id=\"d7e4abe\" data-element_type=\"widget\" data-e-type=\"widget\" data-settings=\"{&quot;navigation&quot;:&quot;arrows&quot;,&quot;autoplay&quot;:&quot;yes&quot;,&quot;pause_on_hover&quot;:&quot;yes&quot;,&quot;pause_on_interaction&quot;:&quot;yes&quot;,&quot;autoplay_speed&quot;:5000,&quot;infinite&quot;:&quot;yes&quot;,&quot;transition&quot;:&quot;slide&quot;,&quot;transition_speed&quot;:500}\" data-widget_type=\"slides.default\">\n\t\t\t\t\t\t\t\t\t\t<div class=\"elementor-slides-wrapper elementor-main-swiper swiper\" role=\"region\" aria-roledescription=\"carousel\" aria-label=\"Slides\" dir=\"ltr\" data-animation=\"fadeInUp\">\n\t\t\t\t<div class=\"swiper-wrapper elementor-slides\">\n\t\t\t\t\t\t\t\t\t\t<div class=\"elementor-repeater-item-9add82e swiper-slide\" role=\"group\" aria-roledescription=\"slide\"><div class=\"swiper-slide-bg\" role=\"img\" aria-label=\"A_Montaje_Vvicente_Escudero\"><\/div><div class=\"swiper-slide-inner\" ><div class=\"swiper-slide-contents\"><\/div><\/div><\/div>\t\t\t\t<\/div>\n\t\t\t\t\t\t\t<\/div>\n\t\t\t\t\t\t\t\t<\/div>\n\t\t\t\t\t<\/div>\n\t\t<\/div>\n\t\t\t\t<div class=\"elementor-column elementor-col-50 elementor-inner-column elementor-element elementor-element-13075e9\" data-id=\"13075e9\" data-element_type=\"column\" data-e-type=\"column\">\n\t\t\t<div class=\"elementor-widget-wrap elementor-element-populated\">\n\t\t\t\t\t\t<div class=\"elementor-element elementor-element-c086500 elementor-widget elementor-widget-heading\" data-id=\"c086500\" data-element_type=\"widget\" data-e-type=\"widget\" data-widget_type=\"heading.default\">\n\t\t\t\t\t<h2 class=\"elementor-heading-title elementor-size-default\">Collection Jos\u00e9 de la Vega<\/h2>\t\t\t\t<\/div>\n\t\t\t\t<div class=\"elementor-element elementor-element-4618352 elementor-widget elementor-widget-text-editor\" data-id=\"4618352\" data-element_type=\"widget\" data-e-type=\"widget\" data-widget_type=\"text-editor.default\">\n\t\t\t\t\t\t\t\t\t<p>Lignes en Libert\u00e9 : exposition d\u00e9di\u00e9e \u00e0 la m\u00e9moire de Vicente Escudero, figure mythique de la danse flamenca.<\/p><p>\u201c<em>Avant d\u2019entamer une danse, je la peins. Tout danseur cr\u00e9ateur est forc\u00e9ment peintre de la danse, un peintre sans pr\u00e9tention peut-\u00eatre, mais qui doit porter dans son c\u0153ur la mati\u00e8re, la couleur et le rythme<\/em>\u201d Vicente Escudero.<\/p>\t\t\t\t\t\t\t\t<\/div>\n\t\t\t\t\t<\/div>\n\t\t<\/div>\n\t\t\t\t\t<\/div>\n\t\t<\/section>\n\t\t\t\t<div class=\"elementor-element elementor-element-e229eac elementor-widget elementor-widget-video\" data-id=\"e229eac\" data-element_type=\"widget\" data-e-type=\"widget\" data-settings=\"{&quot;video_type&quot;:&quot;vimeo&quot;}\" data-widget_type=\"video.default\">\n\t\t\t\t\t\t\t<div class=\"elementor-wrapper elementor-open-inline\">\n\t\t\t<iframe class=\"elementor-video-iframe\" allowfullscreen allow=\"clipboard-write\" title=\"vimeo Video Player\" src=\"https:\/\/player.vimeo.com\/video\/52382735?color&amp;autopause=0&amp;loop=0&amp;muted=0&amp;title=1&amp;portrait=1&amp;byline=1#t=\"><\/iframe>\t\t<\/div>\n\t\t\t\t\t\t<\/div>\n\t\t\t\t\t<\/div>\n\t\t<\/div>\n\t\t\t\t\t<\/div>\n\t\t<\/section>\n\t\t\t\t<\/div>\n\t\t","protected":false},"excerpt":{"rendered":"<p>Collection Jos\u00e9 de la Vega Lignes en Libert\u00e9 : exposition d\u00e9di\u00e9e \u00e0 la m\u00e9moire de Vicente Escudero, figure mythique de la danse flamenca. \u201cAvant d\u2019entamer une danse, je la peins. Tout danseur cr\u00e9ateur est forc\u00e9ment peintre de la danse, un peintre sans pr\u00e9tention peut-\u00eatre, mais qui doit porter dans son c\u0153ur la mati\u00e8re, la couleur [&hellip;]<\/p>\n","protected":false},"author":3,"featured_media":0,"template":"","meta":{"_acf_changed":false},"categories":[15],"class_list":["post-8652","portfolio","type-portfolio","status-publish","hentry","category-arts-plastiques-photographie-mode"],"acf":[],"_links":{"self":[{"href":"https:\/\/artemovimiento.es\/fr\/wp-json\/wp\/v2\/portfolio\/8652","targetHints":{"allow":["GET"]}}],"collection":[{"href":"https:\/\/artemovimiento.es\/fr\/wp-json\/wp\/v2\/portfolio"}],"about":[{"href":"https:\/\/artemovimiento.es\/fr\/wp-json\/wp\/v2\/types\/portfolio"}],"author":[{"embeddable":true,"href":"https:\/\/artemovimiento.es\/fr\/wp-json\/wp\/v2\/users\/3"}],"version-history":[{"count":0,"href":"https:\/\/artemovimiento.es\/fr\/wp-json\/wp\/v2\/portfolio\/8652\/revisions"}],"wp:attachment":[{"href":"https:\/\/artemovimiento.es\/fr\/wp-json\/wp\/v2\/media?parent=8652"}],"wp:term":[{"taxonomy":"category","embeddable":true,"href":"https:\/\/artemovimiento.es\/fr\/wp-json\/wp\/v2\/categories?post=8652"}],"curies":[{"name":"wp","href":"https:\/\/api.w.org\/{rel}","templated":true}]}}

LÍNEAS EN LIBERTAD

<div data-elementor-type="wp-post" data-elementor-id="8652" class="elementor elementor-8652 elementor-6827" data-elementor-post-type="portfolio">
						<section class="elementor-section elementor-top-section elementor-element elementor-element-f477c59 elementor-section-full_width elementor-section-height-default elementor-section-height-default" data-id="f477c59" data-element_type="section" data-e-type="section">
						<div class="elementor-container elementor-column-gap-default">
					<div class="elementor-column elementor-col-100 elementor-top-column elementor-element elementor-element-ef2a967" data-id="ef2a967" data-element_type="column" data-e-type="column">
			<div class="elementor-widget-wrap elementor-element-populated">
						<section class="elementor-section elementor-inner-section elementor-element elementor-element-ac0ecd6 elementor-section-full_width elementor-reverse-mobile elementor-section-height-default elementor-section-height-default" data-id="ac0ecd6" data-element_type="section" data-e-type="section">
						<div class="elementor-container elementor-column-gap-no">
					<div class="elementor-column elementor-col-50 elementor-inner-column elementor-element elementor-element-898edd9" data-id="898edd9" data-element_type="column" data-e-type="column">
			<div class="elementor-widget-wrap elementor-element-populated">
						<div class="elementor-element elementor-element-d7e4abe elementor--h-position-center elementor--v-position-middle elementor-arrows-position-inside elementor-widget elementor-widget-slides" data-id="d7e4abe" data-element_type="widget" data-e-type="widget" data-settings="{&quot;navigation&quot;:&quot;arrows&quot;,&quot;autoplay&quot;:&quot;yes&quot;,&quot;pause_on_hover&quot;:&quot;yes&quot;,&quot;pause_on_interaction&quot;:&quot;yes&quot;,&quot;autoplay_speed&quot;:5000,&quot;infinite&quot;:&quot;yes&quot;,&quot;transition&quot;:&quot;slide&quot;,&quot;transition_speed&quot;:500}" data-widget_type="slides.default">
										<div class="elementor-slides-wrapper elementor-main-swiper swiper" role="region" aria-roledescription="carousel" aria-label="Slides" dir="ltr" data-animation="fadeInUp">
				<div class="swiper-wrapper elementor-slides">
										<div class="elementor-repeater-item-9add82e swiper-slide" role="group" aria-roledescription="slide"><div class="swiper-slide-bg" role="img" aria-label="A_Montaje_Vvicente_Escudero"></div><div class="swiper-slide-inner" ><div class="swiper-slide-contents"></div></div></div>				</div>
							</div>
								</div>
					</div>
		</div>
				<div class="elementor-column elementor-col-50 elementor-inner-column elementor-element elementor-element-13075e9" data-id="13075e9" data-element_type="column" data-e-type="column">
			<div class="elementor-widget-wrap elementor-element-populated">
						<div class="elementor-element elementor-element-c086500 elementor-widget elementor-widget-heading" data-id="c086500" data-element_type="widget" data-e-type="widget" data-widget_type="heading.default">
					<h2 class="elementor-heading-title elementor-size-default">Collection José de la Vega</h2>				</div>
				<div class="elementor-element elementor-element-4618352 elementor-widget elementor-widget-text-editor" data-id="4618352" data-element_type="widget" data-e-type="widget" data-widget_type="text-editor.default">
									<p>Lignes en Liberté : exposition dédiée à la mémoire de Vicente Escudero, figure mythique de la danse flamenca.</p><p>“<em>Avant d’entamer une danse, je la peins. Tout danseur créateur est forcément peintre de la danse, un peintre sans prétention peut-être, mais qui doit porter dans son cœur la matière, la couleur et le rythme</em>” Vicente Escudero.</p>								</div>
					</div>
		</div>
					</div>
		</section>
				<div class="elementor-element elementor-element-e229eac elementor-widget elementor-widget-video" data-id="e229eac" data-element_type="widget" data-e-type="widget" data-settings="{&quot;video_type&quot;:&quot;vimeo&quot;}" data-widget_type="video.default">
							<div class="elementor-wrapper elementor-open-inline">
			<iframe class="elementor-video-iframe" allowfullscreen allow="clipboard-write" title="vimeo Video Player" src="https://player.vimeo.com/video/52382735?color&amp;autopause=0&amp;loop=0&amp;muted=0&amp;title=1&amp;portrait=1&amp;byline=1#t="></iframe>		</div>
						</div>
					</div>
		</div>
					</div>
		</section>
				</div>

<p>Collection José de la Vega Lignes en Liberté : exposition dédiée à la mémoire de Vicente Escudero, figure mythique de la danse flamenca. “Avant d’entamer une danse, je la peins. Tout danseur créateur est forcément peintre de la danse, un peintre sans prétention peut-être, mais qui doit porter dans son cœur la matière, la couleur [&hellip;]</p>
